Calculate the remainder when o(0) is divided by 26.
0
Let f = 81 - 94. Let t = f - -35. Calculate the remainder when t is divided by 9.
4
Let k = 77 + -66. Calculate the remainder when k is divided by 3.
2
Suppose 6 = 3*j - j. Suppose 19*g - 40 = 11*g. Suppose 10 = -j*n + g*n. What is the remainder when 18 is divided by n?
3
Suppose 5 = -o + 3*s, o - 18*s + 19*s = -5. Let g be (-1 + 0)*(1 + -2). Let i = g - o. Calculate the remainder when 27 is divided by i.
3
Suppose -21726 = -5*m - 29*m. Calculate the remainder when m is divided by 32.
31
Let l = -422 - -443. Calculate the remainder when 92 is divided by l.
8
Let h = -77 + 114. What is the remainder when (-8)/(224/42)*-98 is divided by h?
36
Suppose -4*w + 91 = 2*d - 295, 3*w - 2*d - 272 = 0. Calculate the remainder when w is divided by 16.
14
Suppose -5*p + 9 = -1, -2*b + 5*p = -38. Calculate the remainder when 86 is divided by b.
14
Let d = 351 - 315. Calculate the remainder when d is divided by 20.
16
Let n(y) = y**3 - 9*y**2 + 160. Let x = -39 - -79. Suppose -4*l + x = -16. Calculate the remainder when n(8) is divided by l.
12
Let v(d) = -d**3 - 10*d**2 - 12*d - 9. Let o be v(-9). Suppose i + j + 0 = 33, -2*j - o = -i. What is the remainder when 78 is divided by i?
22
Let w be 2/(-5) - (-2)/5. Suppose -3*s - 8 = -2*f, -5*s + 8 + w = 2*f. Calculate the remainder when 12 is divided by f.
0
Let j = 398 + -371. Let u = 8 + -5. Suppose -g - u*g + 28 = 0. Calculate the remainder when j is divided by g.
6
Let i(f) = f**2 - 16*f + 66. Let p be i(8). Suppose 0 = -w + 4*a + 7, -5*a - 6 = -1. Suppose -p + 5 = w*r. What is the remainder when 2 is divided by r?
0
What is the remainder when 412 is divided by 1/(-4) + 4161/228?
16
Suppose -9 = -i - 3. What is the remainder when 15 is divided by i?
3
Let x be (-9)/(-36) - (-19)/4. Suppose x*y = -4*m + 28, 0*m + 3*m = -3*y + 18. Let r(s) = -s**2 + 7*s - 4. What is the remainder when r(6) is divided by m?
0
Let s be 274/10 - (-8)/(-20). Let l = 41 - 45. Calculate the remainder when 51 is divided by 6/(((-24)/s)/l).
24
Suppose v + 4*s - 27 = 0, -4*v - 11*s + 14*s = -13. Calculate the remainder when 22 is divided by v.
1
Suppose 3*b - 3*j - 18 = 0, -3*j - 22 = -3*b - 2*j. Suppose -22 = b*k - 206. Calculate the remainder when k is divided by 12.
11
Let h = 1076 + -819. Calculate the remainder when h is divided by 7.
5
Suppose -2*d + 10 = 3*d, 2*d - 29 = 5*p. Let g(q) = q. Let r be g(6). Let m = r - p. Calculate the remainder when m is divided by 7.
4
Let m(t) = t - 3. Let u be m(8). Suppose u*i = -4*a + 3*a + 25, 3*a - 63 = -3*i. What is the remainder when 79 is divided by a?
19
Let m(o) = 11*o - 13. Let f be m(6). Let v = f - 11. What is the remainder when v is divided by 9?
6
Suppose 5*x + 440 = 2*q - 0, q - 2*x - 221 = 0. Calculate the remainder when q is divided by 21.
15
Suppose 4*r + 1 - 3 = 5*g, r + 4*g = -10. What is the remainder when 17 is divided by ((231/6)/(-7))/(r/4)?
6
What is the remainder when 83 is divided by 63/42*(-84)/(-9)?
13
Suppose 0 = -4*s + 811 + 1169. What is the remainder when s is divided by 62?
61
Suppose -3*y - 125 = z, 4*z = 2*y + 41 + 61. Let l = y + 77. Let n = 69 - l. Calculate the remainder when n is divided by 18.
17
Let a(o) = -o**2 + 5*o - 3. Let c be a(2). Let m(u) = -5*u + c*u**2 + u**2 + 0 - 3 + 3*u. What is the remainder when m(-4) is divided by 18?
15
Suppose -49*t = -2529 - 950. Calculate the remainder when t is divided by 22.
5
What is the remainder when 482 is divided by 21/(-14)*30/(-9)?
2
Calculate the remainder when 726 is divided by (18 - 32)*(-6)/3.
26
Let a = 310 - 149. Calculate the remainder when a is divided by 19.
9
Suppose 0 = 7*n - 4*n - 33. Suppose 0 = -n*k + 10*k + 13. What is the remainder when k is divided by 6?
1
Suppose 4*t = 4*a, 2*t = t - 3*a - 8. Let v(b) = -2*b - 7. Let r be v(-5). What is the remainder when 4 is divided by 0 - (t + r + -3)?
0
Let c be (0 + 2 - 6) + 8. What is the remainder when 112 is divided by (-6)/c - (-98)/4?
20
Let u(o) = -14*o - 1. Suppose -147*n - 25*n + 3520 = -12*n. Calculate the remainder when u(-6) is divided by n.
17
Let t = 8 + 46. Suppose -l - 6*p + 4*p = -12, -3*p = 3. Calculate the remainder when t is divided by l.
12
Let x(p) = 68*p**3 + p**2 - p. Suppose d = -4*y + 8, 7*d = 3*y + 8*d - 6. Calculate the remainder when x(1) is divided by (40/15 - 2)*42/y.
12
Calculate the remainder when 37 is divided by -4 - ((-27)/1 - -3).
17
Suppose -9 = -h - v, 0 = 2*h - v + 4*v - 23. Suppose -4*n + 8 = 3*d - 31, h*d = -2*n + 12. What is the remainder when 33 is divided by n?
9
Suppose -2*n = 2*a - 7*n - 95, -a = 2*n - 43. Suppose -5*s + 723 = 4*h, 0 = -5*h + s + 731 + 151. Calculate the remainder when h is divided by a.
42
Let y(f) = -f**3 - 18*f**2 + 17*f - 26. Calculate the remainder when 93 is divided by y(-19).
9
Let w(t) = t + 36. What is the remainder when 119 is divided by w(-6)?
29
Let d(o) = -o**2 - 48*o - 375. Calculate the remainder when d(-21) is divided by 40.
32
Let d(v) = v**3 + 17*v**2 + 16*v + 42. Let m = -53 - -104. Suppose -5*b - h + 115 = 0, -m = -b - 2*b + 3*h. What is the remainder when d(-16) is divided by b?
20
Suppose 30 = -0*h + 2*h. Suppose -99*k + 7*k = -8004. Calculate the remainder when k is divided by h.
12
Let a(b) = 4*b - 5 + 3*b + 36*b**2 - 37*b**2. Let g be a(6). What is the remainder when 29 - g*(-2)/2 is divided by 17?
13
Let i = -2 - -26. Let j = i - 6. Suppose 4*h - 18 = 10. What is the remainder when j is divided by h?
4
Let u(y) = y. Let a(r) = -4*r - 2. Let p(f) = -2*a(f) - 2*u(f). What is the remainder when 26 is divided by p(1)?
6
Let q = -46 + 75. Let s = -10 + q. What is the remainder when 54 is divided by s?
16
What is the remainder when ((-53)/(-159))/(3/549) is divided by 60?
1
Let x = -96 + 120. Suppose 2*c - x = 4*w, 3*c + 5*w = 6*w + 46. What is the remainder when 68 is divided by c?
4
Suppose 0 = -4*w + x + 59, -2*w + 2*x + 51 = 17. Let t = -59 + 100. Calculate the remainder when t is divided by w.
13
Let i be (-74)/(-14) + 2/(-7). Suppose 2*t + i*d + 31 = 0, 2*d = -4*t - 35 - 35. Let q = t + 29. Calculate the remainder when 43 is divided by q.
10
Suppose -3*t + 38 = 2*h, -2*t + 4*h = -0 - 4. Let f = 14 + t. Calculate the remainder when f is divided by 3.
0
Let x(l) = -l**3 - 18*l**2 + 12. Suppose 55 = -5*k - 35. Suppose 5*m + 3*h = 2*h + 111, 5*h = 5. Calculate the remainder when m is divided by x(k).
10
Let a = 10 - 8. What is the remainder when 33 is divided by (36 + (2 - 0))/a?
14
Suppose -12 = -k + 2*t, 0*t = k + 2*t. Suppose 46*a + k = 48*a. Let p = 1 - -2. What is the remainder when p is divided by a?
0
Let g(b) = 221*b. Let i be g(1). Let a = i - 115. What is the remainder when a is divided by 18?
16
Let f(i) = -i**3 + 7*i**2 - 24. Let y be f(7). What is the remainder when 93 is divided by 2 + 1 - -1 - y?
9
Let f(k) = 38*k + 1. Let b(i) = i**2 + 11*i + 1. Let s be b(-11). Let c be f(s). Suppose 5 = -2*o + c. What is the remainder when 30 is divided by o?
13
Let j = -39 + 105. What is the remainder when j is divided by 37?
29
Let m = 4 - 4. Let g be 5*((-776)/20)/(-2) + -2. Suppose -g = -5*f - m*f. What is the remainder when 37 is divided by f?
18
Let f(t) = t + 12. What is the remainder when -7*54/(-21)*1 is divided by f(-7)?
3
Let u(v) be the second derivative of 2*v**4/3 - 11*v**3/6 + 2*v**2 - 17*v. Calculate the remainder when u(4) is divided by 23.
19
Let f(r) = -r. Let u(p) = 3*p + 1. Let h(l) = -l. Let c be h(1). Let z(b) = c*u(b) - 2*f(b). What is the remainder when 42 is divided by z(-10)?
6
Let i(u) = -78*u + 654. What is the remainder when 106 is divided by i(8)?
16
Suppose 2*j = -3*v + 97 + 2, -242 = -5*j - 2*v. Suppose -j = -3*r - 3*q, -3*r - 5*q = -29 - 23. What is the remainder when 24 is divided by r?
10
Calculate the remainder when 5/((-15)/(-2)) - 211/(-3) is divided by 24.
23
Let k(r) = r**3 + 10*r**2 + 14. Suppose -2*d - 29 = -3*g, 4*g + 1 - 3 = -d. Calculate the remainder when k(d) is divided by 3.
2
Suppose 0 = -2*g + 3*g - 16. Let z(u) = 22 - u**2 + 8*u - 9 + 3*u + 5*u. Calculate the remainder when z(8) is divided by g.
13
Let z(i) = 7*i**3 - 4*i**2 + 11*i + 5. What is the remainder when z(3) is divided by 61?
8
Let u(p) = -p + 3. Let j be u(0). Suppose 39 = j*b - 60. What is the rem